 - 102. Suppose -3*i = 2*o + 3*o + 72, 4*i + 28 = -o. Calculate the remainder when 61 is divided by r(o).
19
Suppose -31*o - 1360 = -41*o. Suppose -5*y = -3*i + o, 3*y - 20 = 7*y. What is the remainder when 65 is divided by i?
28
Let d be (-40)/(-12)*60/50. Suppose -5*h = -d*z - 60 + 2, 19 = 2*h - 3*z. What is the remainder when 41 is divided by h?
13
Suppose -4*w - 382 = -2*z, 4*z + z = -4*w + 1025. Calculate the remainder when 815 is divided by z.
11
Let n(x) = -9*x. Let s(k) = -26*k - 1. Let d(u) = 11*n(u) - 4*s(u). Let m be d(10). What is the remainder when (m/(-10))/(9/(-135)) is divided by 14?
11
Suppose -5*s + 185 - 125 = 0. Suppose s*y - 650 = -y. Calculate the remainder when y is divided by 13.
11
Suppose -338*x - 68 = -2*i - 342*x, -5*x = -5*i + 80. Let v = 78 - -20. What is the remainder when v is divided by i?
10
Suppose 20 = -g - r - 15, 0 = -g - 3*r - 45. Calculate the remainder when 181 is divided by ((-250)/g - 9)/((-1)/21).
13
Calculate the remainder when (82179/(-30))/(-23) - ((-5)/50)/(-1) is divided by 107.
12
Let z(j) = -7*j - 30. Let c(g) = -8*g - 29. Let o(x) = 7*c(x) - 6*z(x). What is the remainder when 84 is divided by o(-4)?
18
Let w(u) = 74*u**3 + 55*u**2 - 53*u - 3. What is the remainder when 1970 is divided by w(1)?
72
Suppose -1 = -3*c + 131. What is the remainder when ((-4)/(-3))/((-118)/(-10620)) is divided by c?
32
Suppose 388 = 4*k - 4*c, -14*k + 3*c + 910 = -492. Calculate the remainder when 206 is divided by k.
4
Let w(q) = -2*q**3 + 9*q**2 + 3*q - 51. What is the remainder when w(-6) is divided by 136?
7
Let n = 3884 - 3839. Calculate the remainder when 114 is divided by n.
24
Let m(j) = -2*j**2 - 20*j + 8. What is the remainder when 187 is divided by m(-4)?
19
Let c(k) = -k**3 + 10*k**2 + 10*k + 48. Suppose -2*x + 30 = 2*l, 5*l + x - 34 - 25 = 0. Calculate the remainder when 51 is divided by c(l).
14
Let i be 3*-1*10/15. Suppose 3*x = 2*x + 3. Calculate the remainder when i*(x - ((-780)/(-8))/5) is divided by 9.
6
Let w(c) = 39*c**2 + c + 1. Suppose -10*i = -50 - 30. Suppose 11*x - i*x - m - 807 = 0, -4*m + 822 = 3*x. What is the remainder when x is divided by w(-1)?
36
Suppose 5*c = 2*l - 9, -4*l + 2*c = -66 + 8. Let f = -36 + l. Let u = f + 34. Calculate the remainder when 59 is divided by u.
14
Let v(j) be the third derivative of j**6/120 - j**5/10 + 3*j**4/8 - 19*j**3/6 + 2*j**2 + 12. What is the remainder when 174 is divided by v(6)?
34
Let w(q) = -q**2 + 32*q - 51. Let z be w(30). Suppose 0 = -c + z + 113. What is the remainder when c is divided by 45?
32
Let p be (-16)/(-72) - (-16428)/(-54). Let w = -193 - p. What is the remainder when w is divided by 57?
54
Suppose -37 + 70 + 982 = 35*s. What is the remainder when 130 is divided by s?
14
Suppose -13*d = -8953 - 667. Let y = d + -690. What is the remainder when 166 is divided by y?
16
Suppose 157*i - 2299 - 24862 = 0. Calculate the remainder when i is divided by 55.
8
Suppose 6*p = 9*p - 828. Suppose p*u = 271*u + 25. Suppose u*l = 7*n - 3*n + 535, l - 101 = 2*n. Calculate the remainder when l is divided by 38.
35
Suppose 78*a = 43*a - 105. Suppose -4 + 7 = -q. Calculate the remainder when 86 is divided by q - 6/a - (1 - 46).
42
What is the remainder when 395 is divided by (-1 - 0 - -68) + (-16 - (11 - 26))?
65
Let f be (-1 - 392)*3/(-9). Suppose 53 = 5*c - d, -54*c - 2*d = -51*c - 24. What is the remainder when 5 + f + -1 + 4 is divided by c?
9
Suppose 66 = 4*k - 5*a, 0 = -k + 3*a - 42 + 69. Calculate the remainder when 3434 is divided by k.
5
What is the remainder when (4 + -8 - -2)/(((-30)/(-387))/(-5)) is divided by (12/9)/((-2)/(-9))?
3
Let p = -10519 - -10523. What is the remainder when 875 is divided by p?
3
Let x = 20102 - 13823. Calculate the remainder when x is divided by 40.
39
Let f(h) = -h**3 - h**2 + 9*h - 1. Let l be f(-4). Suppose 21*x - 5800 = l*x. Calculate the remainder when x is divided by 11.
8
Let n be (-8)/6*1 - (-20)/15. Suppose -50*r + 45*r = n. Suppose r = -15*y + 14*y + 43. What is the remainder when y is divided by 11?
10
Suppose 370 = -21*g + 22*g - 7*b, 3*b = g - 358. What is the remainder when g is divided by 149?
51
Let v(t) = -52*t - 1858. What is the remainder when v(-36) is divided by 5?
4
What is the remainder when (-24)/8 + (-1175)/(-1) + 2 is divided by 374?
52
Suppose 4*y + 0 = 16. Suppose -c - 4*n = c + 2, -y*c + 3*n = -29. Suppose -380*l - 13016 = -18336. Calculate the remainder when l is divided by c.
4
Let r = 8725 + -8239. Calculate the remainder when r is divided by 21.
3
Let j(g) = -g**3 - 16*g**2 - 98*g - 359. What is the remainder when 16209 is divided by j(-10)?
18
Let d = 1071 + -759. What is the remainder when d is divided by 18?
6
Suppose 0 = -4*k - 4*t + 136, -4*k + 2*t = -3*k - 19. Calculate the remainder when 622 is divided by k.
13
Let f(i) = 4*i - 7*i**2 - i**2 + i**3 + 4 + 2*i**2. What is the remainder when f(7) is divided by 21?
18
Let a = 5428 - 5259. What is the remainder when 494 is divided by a?
156
Calculate the remainder when 1395 is divided by ((-4)/(-10)*-2)/((-60)/2400).
19
Suppose -3*b - 9*d + 9266 = -4*d, -5*b - 2*d + 15399 = 0. What is the remainder when b is divided by 767?
9
Suppose 76 = 432*a - 859*a + 429*a. What is the remainder when a is divided by 16?
6
Suppose -11*n + 1419 + 572 = -6072. What is the remainder when n is divided by 244?
1
Suppose 0 = 10*r + 2*r - 84. Suppose -2*s + r = -3. Suppose 3*n = 4*n - s, 5*n - 49 = -2*q. Calculate the remainder when 41 is divided by q.
5
Suppose -5*u + 1851 = 421. What is the remainder when u is divided by 3?
1
Let o(l) = -17*l + 41. Let n(k) = -4*k - 2. Let b be n(-2). Calculate the remainder when o(-2) is divided by b/(-4)*22/(-3).
9
Let l = 1980 + -1410. Suppose 6*h - 678 = -l. Calculate the remainder when 177 is divided by h.
15
Let w be ((-12)/10)/(57/(-190)). Suppose 0 = -w*u + 2*h + 16, -4*h - h = u - 4. What is the remainder when 10 is divided by u?
2
Let p(z) = -z**3 + 16*z**2 - 33*z - 8. What is the remainder when 122 is divided by p(13)?
52
Let r = -5 - -13. Let n(d) be the second derivative of 7*d**4/6 - d**3 + 3*d**2 - 3*d + 1. What is the remainder when n(1) is divided by r?
6
Suppose -33*v + 15 = -30*v, 255 = 3*t + 3*v. What is the remainder when 390 is divided by t?
70
Let f = 9202 - 9191. What is the remainder when (-3)/(-9) - 1167/(-9) is divided by f?
9
Let s = -15368 - -15707. Calculate the remainder when 1035 is divided by s.
18
Let u = 1730 + -963. What is the remainder when u is divided by 767?
0
Let b = -42 + 51. Suppose -5*q - 3 = 4*k + 10, -5*k = -4*q + 6. Calculate the remainder when 68*(q/2 + 1) is divided by b.
7
Let a(z) = z - 1. Let h be -10*(-4 + (-1)/(-2)). Suppose -r + 23 = 3*y, 5*r = h - 10. What is the remainder when y is divided by a(4)?
0
Let c(o) = -9*o + 103. Let p be c(9). Suppose -34 = -8*w + p. Calculate the remainder when 82 is divided by w.
5
Let d = 3609 - 3420. What is the remainder when d is divided by 163?
26
Suppose 0 = o + 17 + 19. Let g = 39 + o. Suppose 2*r = -3*r - 4*k + 43, 2*r - 31 = g*k. What is the remainder when 20 is divided by r?
9
Suppose -2*d + 712 = 2*j, -224 = 3*d + 11*j - 1236. Calculate the remainder when d is divided by 9.
3
Let x be 3/(7 - 66/12). Suppose 0 = 2*a - i - 39, 2*a - a = x*i + 27. What is the remainder when 29 is divided by a?
12
Let m = 33086 - 33057. What is the remainder when 226 is divided by m?
23
Let v = -29 + 52. Suppose 2237 = -2*s - l + 508, -2*s = -l + 1727. What is the remainder when v is divided by ((-6)/4)/(162/s)?
7
What is the remainder when 542 is divided by 9/(-15)*-35 - 0/5?
17
Let d(p) = 136*p + 978. Calculate the remainder when 219 is divided by d(-7).
11
Let m = -9786 - -10028. What is the remainder when 707 is divided by m?
223
Suppose p - 35 = -2*a + 41, 2*a - 3*p = 76. Suppose 8*v - 3*k - 552 = 4*v, 3*v - k = 414. Calculate the remainder when v is divided by a.
24
What is the remainder when 721 is divided by (237/21)/(56/1176)?
10
Let r = -20 - -84. Suppose 0 = 3*x - w - 235, 2*w = 2*x - r - 98. Suppose b = 16*g - 11*g - 84, -3*b + 68 = 5*g. What is the remainder when x is divided by g?
13
Let a be 4/(-18) + (-1766)/(-9). Suppose -14*b + a = -10*b. Calculate the remainder when 585 is divided by b.
46
Suppose 2*y = 6*y - 168